 are the prime factors of 1006248?
2, 3, 41927
What are the prime factors of 6684636?
2, 3, 7, 79579
List the prime factors of 287273.
7, 41039
What are the prime factors of 1696539?
3, 13, 41, 1061
List the prime factors of 2070157.
61, 33937
What are the prime factors of 6523624?
2, 815453
What are the prime factors of 226991?
226991
What are the prime factors of 592529?
7, 47, 1801
List the prime factors of 262306.
2, 11, 11923
What are the prime factors of 7008035?
5, 1401607
List the prime factors of 2259736.
2, 43, 6569
What are the prime factors of 4497507?
3, 7, 71389
What are the prime factors of 2883604?
2, 720901
What are the prime factors of 1339642?
2, 317, 2113
List the prime factors of 3152536.
2, 313, 1259
List the prime factors of 11959850.
2, 5, 7, 34171
List the prime factors of 463095.
3, 5, 41, 251
List the prime factors of 605598.
2, 3, 7, 14419
What are the prime factors of 220233?
3, 13, 5647
What are the prime factors of 139021?
139021
List the prime factors of 685742.
2, 342871
What are the prime factors of 605166?
2, 3, 17, 349
List the prime factors of 1951103.
7, 11, 25339
What are the prime factors of 7749643?
11, 23, 30631
What are the prime factors of 4761427?
11, 432857
What are the prime factors of 1073582?
2, 536791
List the prime factors of 9734525.
5, 389381
What are the prime factors of 10416303?
3, 317, 1217
List the prime factors of 33525.
3, 5, 149
List the prime factors of 1991312.
2, 17, 7321
List the prime factors of 5202730.
2, 5, 13, 31, 1291
List the prime factors of 2988878.
2, 61, 24499
What are the prime factors of 2130546?
2, 3, 11, 19, 1699
What are the prime factors of 7398409?
37, 41, 4877
What are the prime factors of 414789?
3, 19, 383
List the prime factors of 2730204.
2, 3, 181, 419
List the prime factors of 128447.
11, 11677
List the prime factors of 762086.
2, 13, 29311
List the prime factors of 10590354.
2, 3, 17, 53, 653
List the prime factors of 1128662.
2, 379, 1489
List the prime factors of 280208.
2, 83, 211
What are the prime factors of 14010056?
2, 571, 3067
What are the prime factors of 5597657?
13, 430589
What are the prime factors of 461701?
41, 11261
What are the prime factors of 255260?
2, 5, 12763
What are the prime factors of 289404?
2, 3, 8039
What are the prime factors of 2099310?
2, 3, 5, 19, 29, 127
What are the prime factors of 12748093?
89, 227, 631
What are the prime factors of 54780?
2, 3, 5, 11, 83
What are the prime factors of 314949?
3, 277, 379
What are the prime factors of 170211?
3, 56737
List the prime factors of 845835.
3, 5, 17, 31, 107
What are the prime factors of 5182320?
2, 3, 5, 11, 13, 151
What are the prime factors of 1380580?
2, 5, 69029
List the prime factors of 17368125.
3, 5, 59, 157
List the prime factors of 820889.
79, 10391
What are the prime factors of 2057793?
3, 71, 9661
What are the prime factors of 167372?
2, 41843
What are the prime factors of 652726?
2, 19, 89, 193
List the prime factors of 2475750.
2, 3, 5, 3301
What are the prime factors of 92285?
5, 18457
List the prime factors of 4516144.
2, 239, 1181
What are the prime factors of 28722591?
3, 41, 77839
What are the prime factors of 100329?
3, 53, 631
What are the prime factors of 3067604?
2, 766901
List the prime factors of 2319007.
19, 122053
What are the prime factors of 44247?
3, 7, 43
List the prime factors of 972000.
2, 3, 5
What are the prime factors of 552094?
2, 276047
List the prime factors of 1630175.
5, 197, 331
List the prime factors of 15929.
17, 937
List the prime factors of 397862.
2, 331, 601
List the prime factors of 10103218.
2, 5051609
List the prime factors of 5964706.
2, 11, 137, 1979
List the prime factors of 2072.
2, 7, 37
List the prime factors of 24325189.
7, 3475027
List the prime factors of 7930313.
17, 683
List the prime factors of 177968.
2, 7, 227
List the prime factors of 12189811.
19, 191, 3359
What are the prime factors of 220782?
2, 3, 31, 1187
List the prime factors of 1847922.
2, 3, 73, 4219
List the prime factors of 10204.
2, 2551
List the prime factors of 3746998.
2, 1873499
What are the prime factors of 976756?
2, 11, 79, 281
What are the prime factors of 398542?
2, 89, 2239
List the prime factors of 887675.
5, 35507
What are the prime factors of 34814?
2, 13, 103
What are the prime factors of 132267?
3, 44089
List the prime factors of 11507607.
3, 1278623
What are the prime factors of 142616?
2, 17827
List the prime factors of 3675409.
211, 17419
What are the prime factors of 117964?
2, 7, 11, 383
List the prime factors of 370783.
7, 23, 47
What are the prime factors of 14331?
3, 17, 281
What are the prime factors of 1104150?
2, 3, 5, 17, 433
List the prime factors of 907997.
907997
What are the prime factors of 785459?
785459
List the prime factors of 576222.
2, 3, 137, 701
List the prime factors of 2479.
37, 67
What are the prime factors of 244365?
3, 5, 11, 1481
List the prime factors of 7031477.
7031477
What are the prime factors of 6543808?
2, 59, 1733
List the prime factors of 134367.
3, 44789
List the prime factors of 888069.
3, 7, 13, 3253
What are the prime factors of 16645972?
2, 7, 594499
What are the prime factors of 150480?
2, 3, 5, 11, 19
What are the prime factors of 129726?
2, 3, 7207
What are the prime factors of 494564?
2, 7, 17, 1039
List the prime factors of 1208917.
71, 17027
List the prime factors of 745266.
2, 3, 223, 557
List the prime factors of 10598636.
2, 181, 14639
What are the prime factors of 22252571?
11, 1013, 1997
What are the prime factors of 1563993?
3, 173777
What are the prime factors of 4767411?
3, 11, 73, 1979
List the prime factors of 208434.
2, 3, 34739
What are the prime factors of 395248?
2, 7, 3529
List the prime factors of 143112.
2, 3, 67, 89
What are the prime factors of 10512473?
71, 148063
What are the prime factors of 605460?
2, 3, 5, 10091
What are the prime factors of 30938775?
3, 5, 7, 31, 1901
What are the prime factors of 25707263?
191, 134593
What are the prime factors of 1387082?
2, 79, 8779
List the prime factors of 3535271.
31, 114041
What are the prime factors of 665260?
2, 5, 29, 31, 37
What are the prime factors of 389888?
2, 1523
What are the prime factors of 4154297?
7, 127, 4673
List the prime factors of 92750.
2, 5, 7, 53
List the prime factors of 24397122.
2, 3, 4066187
List the prime factors of 169805.
5, 33961
List the prime factors of 246516.
2, 3, 20543
List the prime factors of 1943047.
59, 32933
List the prime factors of 21054236.
2, 7, 389, 1933
What are the prime factors of 4474878?
2, 3, 349, 2137
List the prime factors of 5631196.
2, 59, 107, 223
What are the prime factors of 6843258?
2, 3, 353, 359
List the prime factors of 10598841.
3, 11, 151, 709
What are the prime factors of 6281215?
5, 1256243
List the prime factors of 441648.
2, 3, 3067
What are the prime factors of 675637?
587, 1151
List the prime factors of 2702622.
2, 3, 13, 34649
What are the prime factors of 7290370?
2, 5, 729037
List the prime factors of 249593.
249593
What are the prime factors of 2989892?
2, 17, 43969
What are the prime factors of 3929784?
2, 3, 163741
What are the prime factors of 2221697?
101, 21997
List the prime factors of 2969608.
2, 281, 1321
What are the prime factors of 589170?
2, 3, 5, 41, 479
List the prime factors of 1085492.
2, 43, 6311
List the prime factors of 1112344.
2, 17, 8179
List the prime factors of 879388.
2, 219847
What are the prime factors of 2387406?
2, 3, 7, 56843
What are the prime factors of 6026095?
5, 1205219
List the prime factors of 2256296.
2, 7, 43, 937
What are the prime factors of 18684785?
5, 7, 17, 31, 1013
List the prime factors of 3649142.
2, 7, 61, 4273
What are the prime factors of 338503?
11, 30773
List the prime factors of 31648427.
31, 79, 12923
What are the prime factors of 660687?
3, 19, 67, 173
List the prime factors of 4200008.
2, 525001
What are the prime factors of 3479867?
61, 57047
List the prime factors of 1381889.
19, 257, 283
What are the prime factors of 34961344?
2, 11, 53, 937
List the prime factors of 453544.
2, 7, 13, 89
What are the prime factors of 23304?
2, 3, 971
List the prime factors of 1267804.
2, 316951
List the prime factors of 312682.
2, 79, 1979
List the prime factors of 4160288.
2, 11, 53, 223
What are 